. Let h = 6 + -6. Suppose h = 3*b + b - 4*w - 16, -5 = b - t*w. What are the prime factors of b?
7
Suppose 4*t - 8 = 2*t. Let r = -20 - -25. Suppose -r*f = -v + 24, v + 0*f = t*f + 20. What are the prime factors of v?
2
Let t be 2/3 - (-4)/(-6). Let f(g) = -g**2 + 8*g + 4. Let a be f(7). Suppose q + t = a. What are the prime factors of q?
11
Let s = -1 + 2. Suppose 10 = g + 2*w, -s = -5*g - w + 49. What are the prime factors of g?
2, 5
Let f be 6/(-10) + (-2)/5. Let g be f/(((-6)/(-2))/(-36)). Let o = 19 - g. List the prime factors of o.
7
Suppose 2*x - 63 = 5*x. Let z = x - -41. List the prime factors of z.
2, 5
Suppose 20*v - 3014 = 9*v. List the prime factors of v.
2, 137
Let s = 12 - -27. List the prime factors of s.
3, 13
Let u = 3 + -4. Let s(m) = -5*m**2 - 2*m - 1. Let c(o) = -16*o**2 - 7*o - 3. Let h(z) = 2*c(z) - 7*s(z). List the prime factors of h(u).
2
Suppose -389 = -5*z - 2*d - 0*d, 0 = -z + 3*d + 88. What are the prime factors of z?
79
List the prime factors of ((-2)/(-2) + 0)*53.
53
Let v be (-3)/(-6)*-8 + 32. List the prime factors of (0 + v - -4) + -3.
29
Let m(w) = 2*w**3 + 4*w**2 + w + 4. Let o be m(-3). Let v = o + 32. Let f = v - 3. List the prime factors of f.
2, 3
Let i(k) = 3 - 2*k + k**3 - 9 + 9*k**2 - 6. Let g = 10 - 19. What are the prime factors of i(g)?
2, 3
Let v(f) = 2*f. Let c be v(3). Let w be 15/6 - 3/c. What are the prime factors of (3/(6/28))/w?
7
Suppose 6 = 4*m - 2. Suppose -p + 204 = m*p. Suppose -5*b + 67 = 2*c, -4*b - c - 15 = -p. List the prime factors of b.
13
Let n(d) = 0*d - 4 + 3*d + 2. List the prime factors of n(4).
2, 5
Let r = -40 + 89. Let f be (-3)/18 - r/(-6). Suppose f*c - 5 = 3*c, 4*u + 4*c = 16. List the prime factors of u.
3
Let d(n) = -2*n**2 + n**2 - 2 + 0*n**2 - 7*n + 0. Let x be d(-6). Suppose -5*b + 0*v + x*v + 81 = 0, 3*b - 5*v - 46 = 0. What are the prime factors of b?
17
Let y be ((-1)/2)/((-2)/52). Let k(j) = -j**3 - 6*j**2 - 5*j - 1. Let c be k(-5). Let z = y + c. List the prime factors of z.
2, 3
Let g(b) = b**3 + 5*b**2 - b + 9. List the prime factors of g(-4).
29
Suppose l = 11 + 40. What are the prime factors of l?
3, 17
Let q be 126/3*(-1)/2. Let m = q - -44. Let u = -13 + m. List the prime factors of u.
2, 5
Let p(c) = c**3 + 10*c**2 - 2*c - 10. Let x be p(-10). What are the prime factors of ((-210)/25)/((-3)/x)?
2, 7
Let g(u) = -u**2 - 8*u - 7. Let k be g(-7). Let w(d) = d**2 - d - 3. Let l be w(k). Let m(t) = -3*t + 3. List the prime factors of m(l).
2, 3
Let u = 1 - 22. What are the prime factors of (-6)/u - 585/(-35)?
17
Suppose 4*h = h + 153. List the prime factors of h.
3, 17
Suppose -5*x + 15 = 0, -4*x = o - 2 - 19. List the prime factors of o.
3
Let d = 29 + -11. Suppose 4*n - d = n. What are the prime factors of n?
2, 3
Suppose 5*c - 51 = 44. Let l = 32 - c. List the prime factors of l.
13
Suppose 0 = 4*y - 4 - 4. Suppose 0 = -z + 5*z + 2*i - 92, -y*i - 76 = -4*z. Suppose 3*w - 4*o + o = z, w - 3*o = 9. List the prime factors of w.
2, 3
Let v(y) = -y**3 + 10*y**2 + 12*y - 8. Let q be v(11). Suppose 5*n + 31 = 4*s, n - 8 = -q. List the prime factors of s.
2, 7
Suppose 81 = 2*u + c, -2*u + 195 = 3*u + c. Suppose -6*h + h - u = -i, -2*h = -4*i + 152. What are the prime factors of (i + -6)*(-2)/(-4)?
2
Let f(b) = -8*b + 27. List the prime factors of f(-8).
7, 13
Let i(v) = -v + 9. Let c be i(5). Suppose c*o + 5 = 21. List the prime factors of o.
2
Let n(g) = 5*g**3 - 3*g - 2. Let q(d) = -11*d**3 + 7*d + 4. Let f(u) = -9*n(u) - 4*q(u). What are the prime factors of f(0)?
2
Suppose -4*f - 4*c + 1084 = -6*c, 4*c = 16. List the prime factors of f.
3, 7, 13
Let p(z) = -44*z - 70. List the prime factors of p(-8).
2, 3, 47
Let p = 17 + -15. What are the prime factors of 248/8 - (-2)/p?
2
Let c be (1 - 1)*1/(-2). Let n = 2 + c. Suppose -n*h + u + 27 = 0, 5*h + 4*u = 2*u + 45. List the prime factors of h.
11
List the prime factors of (-1900)/(-18) + 4/9.
2, 53
Let u = -16 - -54. What are the prime factors of u?
2, 19
Suppose 0 = 3*o - 0*o - 114. What are the prime factors of o?
2, 19
Let r(b) = -b**2 - 7*b - 7. Let u be r(-5). Let o(c) = c**2 - 2*c - 1. Let f be o(u). Suppose 4 + 0 = f*g. What are the prime factors of g?
2
Let a(k) = -5*k. Let b be a(3). Let d be (-1 - 2/(-3))*b. List the prime factors of 32/5 + (-2)/d.
2, 3
Let r be (-1)/(-7) - 27/(-7). Suppose 3*y = r*f + 91, 0*y = -y + 4*f + 25. What are the prime factors of y?
3, 11
Suppose 0*k = 4*k + 12. Let x = k + 5. Suppose x + 1 = d. List the prime factors of d.
3
Let k(q) = 2*q + 1. Suppose -2*n + 1 + 7 = 0. Let w = 3 + n. What are the prime factors of k(w)?
3, 5
Suppose -f - 335 = -5*d, -3*f = -3*d - d + 279. What are the prime factors of d?
2, 3, 11
Suppose -21 = -r - 5*n, -2*r + n - 25 = -3*r. What are the prime factors of r?
2, 13
Let j be 3/6 + (-42)/(-4). Let v = j + -9. Suppose v*o = -2*o + 12. What are the prime factors of o?
3
Let w(t) = -3*t**3 + 9*t + 4*t**3 + 40 - 9*t. What are the prime factors of w(0)?
2, 5
Suppose -25 = -3*z - 112. Let d = 43 + z. What are the prime factors of d?
2, 7
Let d = -290 - -520. List the prime factors of 4/6 + d/15.
2
Suppose 5*k - 56 = k. What are the prime factors of k?
2, 7
Let j = 29 + 83. What are the prime factors of j?
2, 7
Suppose q + 4*v - 31 = 0, 2*v = 5*q - 2*v - 83. What are the prime factors of q?
19
Let b = 16 + -10. Suppose 0 = -0*y + 3*y - b. List the prime factors of y.
2
Suppose 4*j - 2*i = 3*i - 9, -5*i = 2*j + 27. Let a be (-9)/3*10/j. Suppose -a*p + 21 = -74. List the prime factors of p.
19
Let p be (-4)/16 - (-21)/4. Let k = 14 - p. What are the prime factors of k?
3
Suppose 0 = -4*d + 3*d - 4, -5*x + 83 = 3*d. Suppose p = -1 + x. List the prime factors of p.
2, 3
Suppose 10 = -5*q - 5*g, 0 = -2*q - q - 5*g - 10. Let w = q - -18. List the prime factors of w.
2, 3
Suppose -8*c = -6*c. Suppose 3*u + 1 - 7 = c. List the prime factors of u.
2
Let w = 9 + -29. Let b = 31 + w. List the prime factors of b.
11
Let n(m) = 4*m**2 - 2*m - 7. What are the prime factors of n(-4)?
5, 13
Let i(u) = u**2 - 2*u - 6. List the prime factors of i(6).
2, 3
Let x be 1/4 - (-582)/8. What are the prime factors of x/4 - (-3)/(-12)?
2, 3
Let v(p) = p**3 - 3*p**2 - 15*p + 5. What are the prime factors of v(6)?
23
Suppose 7*s - 3*s - 12 = 0. Suppose -s*u + 10 = -26. What are the prime factors of u?
2, 3
Suppose 5*l - 4*t - 78 = 24, 0 = -5*t - 15. List the prime factors of (l/(-21))/(6/(-210)).
2, 3, 5
What are the prime factors of (135/18)/(6/104)?
2, 5, 13
Suppose 3*o - 3 = 6, o + 6 = z. What are the prime factors of 106/z + (-6)/(-27)?
2, 3
Let l = 12 - 1. Suppose 4*s = -l + 75. What are the prime factors of s?
2
Suppose -3*h + 3*p = p - 37, -5*h + 60 = -3*p. Let j(o) = -o**2 + 10*o + 8. List the prime factors of j(h).
17
Suppose -3*f - k = 39, 4*f + 32 + 4 = 4*k. Let c be 8/3*f/(-8). Suppose 20 = -8*i + 3*i, 3*d - c*i = 46. What are the prime factors of d?
2, 5
Let q = 5 - 2. Suppose 0 = -q*n, 7*b - 5*n - 80 = 2*b. What are the prime factors of b?
2
Let h = -77 + 166. List the prime factors of h.
89
Let r(l) = -3*l**2 + 4*l - 2. Let h be r(2). What are the prime factors of ((-2)/h)/((-1)/(-33))?
11
Let t = 422 - 277. What are the prime factors of t?
5, 29
Let w = -18 - -13. Let b = -3 - w. What are the prime factors of b?
2
Let f(q) = -q**3 + 3*q**2 + 5*q - 3. Suppose -5*b - 20 = -0. Let d be 6/(-8)*b/1. What are the prime factors of f(d)?
2, 3
Suppose 0 = -4*p - d + 17, -3*p - 2*d = -p - 16. Suppose 2*b - 3 = 4*o + 35, -p*o + b - 29 = 0. Let i = -3 - o. What are the prime factors of i?
7
List the prime factors of 2/3 - 755/(-15).
3, 17
Let d be (15/5)/(3/(-2)). List the prime factors of d/6 - 182/(-6).
2, 3, 5
Let z(c) = -c**3 - 6*c**2 + 2*c + 6. Let t be z(-6). Let y be 33/t + (-3)/(-6). List the prime factors of (-3)/(y - -2) + 9.
2, 5
Let k(g) = 14*g - 6. Let a(r) = -13*r + 5. Let i(p) = 5*a(p) + 4*k(p). What are the prime factors of i(-5)?
2, 23
Let g be (-6)/(-4)*4/(-3). What are the prime factors of 3/2*(2 - g)?
2, 3
Let s = 95 + -64. List the prime factors of s.
31
Let l(j) = j**2 - 7*j - 2. Let k be l(5). Let t be (-51)/k + 2/(-8). Let b = t + 0. List the prime factors of b.
2
Let c be (-1)/4 + 33/4. Suppose 5*p + 7 = 37. Let k = c - p. List the prime factors of 